2 - t. Let m(l) = 11*l**2 + 6*l - 2. Let g(d) = 6*c(d) - m(d). Calculate g(8).
-30
Let t(b) = b + 17. Let p be t(-6). Let s(y) = 9*y + 24. Let h(u) = 5*u + 12. Let m(w) = -11*h(w) + 6*s(w). Give m(p).
1
Let h(w) = w**2 + 6*w - 10. Let a = -202 - -194. Give h(a).
6
Let m(s) = s**2 + 6*s - 2. Let v be m(-6). Let b(y) = -33 + 140*y + 33 - 139*y. Determine b(v).
-2
Let l(f) = -f**3 - 5*f**2 + 5*f - 7. Let v = -361 + 355. Calculate l(v).
-1
Let q(u) = 23 - u + 0*u - 13 - u + 7*u**2 - 12. Give q(2).
22
Let o be ((-2)/4)/((-1)/6). Suppose h = o*h. Suppose h*n + 5*b = 4*n + 2, 3*b = 5*n - 4. Let p(w) = -w**2 - w - 1. Calculate p(n).
-7
Let w(u) be the second derivative of u**4/12 - u**3/3 + 3*u**2/2 - 21*u. Let i(r) = -2*r. Let k be i(-1). Calculate w(k).
3
Suppose 4*z + 5*o + 4 = o, 2 = 3*z - 2*o. Suppose -5*b - 3 - 2 = z. Let p = -3 + b. Let t(s) = s + 1. What is t(p)?
-3
Let q = -940 + 944. Let k(x) be the third derivative of x**2 + 0 + 1/6*x**3 + 0*x + 1/12*x**q. Calculate k(1).
3
Let b(s) = 0*s - 4*s + 2 - s. Let h(v) = -v. Let j be h(-3). Suppose j*n - 4*l - 6 = l, 8 = 4*n + l. Calculate b(n).
-8
Let i(x) = -2*x - 3*x + 2*x - 6. Let l(f) = -3*f - 6. Let y be l(0). Calculate i(y).
12
Let g(q) = -10*q + 1. Let z = -91 + 100. Suppose 3*r = -4*l + 6*l + z, -4*r - 2*l = 2. Determine g(r).
-9
Let n be 3/(-9) - 1020/18. Let t = 56 + n. Let l(r) = -12*r**2 + 1. What is l(t)?
-11
Let o(q) = 1 - 4 - 2 - 4*q + 3*q. Let f(r) = 7*r - 41. Let c be f(5). Determine o(c).
1
Let q(o) = -7*o**3 + 4*o**2 + o + 2. Let f(s) = -6*s**3 + 3*s**2 + s + 1. Let b(c) = 6*f(c) - 5*q(c). Determine b(-3).
2
Let j(b) = -5*b + 4. Let f = -128 - -131. What is j(f)?
-11
Let o(n) be the third derivative of -n**5/60 + 5*n**4/24 - n**3 - 36*n**2 - 2*n. What is o(7)?
-20
Let s(h) = -5*h**2 - 13*h + 30. Let l(w) = 3*w**2 + 9*w - 20. Let k(u) = 8*l(u) + 5*s(u). Calculate k(8).
-18
Let c(f) = -19*f - 1. Let w = 939 + -940. Determine c(w).
18
Let g be (9/1)/((-123)/(-82)). Let k(o) = -o + 6. Determine k(g).
0
Let f(k) = -k**2. Let o(z) = -z**2. Let c(t) = -t**3 - 4*t**2 + 3*t - 3. Let d be c(-5). Let b(l) = d*f(l) - 6*o(l). Suppose -18 = 2*s - 16. Determine b(s).
-1
Let p(d) = d**2 + 9*d + 4. Suppose -3*f + 5*j - 10 = 0, 6*j - 2*j = f + 8. Suppose -5*m - 24 = 3*v, -2*v - 16 + f = -5*m. What is p(v)?
-4
Let b(j) be the first derivative of -j**2/2 + 2*j + 3428. Suppose 1 = a - 2. Determine b(a).
-1
Let f(c) be the second derivative of -c**5/20 - c**4/12 + c**3/6 - 6*c**2 - 620*c. What is f(0)?
-12
Suppose 0*d + d + x = 7, 0 = 3*d - 3*x + 9. Suppose d*t - 4 = 2*z + 3*z, 4*z + 8 = 0. Let n(c) = 0*c**2 - 3*c**2 - 3 + 3*c + 6*c**2. What is n(t)?
15
Let t(c) = -c**3 + 4*c**2 + 9*c - 3. Let g(d) = d**2 + 0 - 4*d + 3 + 7. Let h be g(2). Give t(h).
-21
Let y(b) = 3*b - 15. Let a(g) = -7*g + 185. Let w be a(25). Determine y(w).
15
Let d be 8/(12/5 + -2). Suppose -4*t = d, -2*t - 25 = x - 6*x. Let i(r) = -5*r**x - 1 + 13*r**3 - 2*r**2 + 21*r - 19*r. Determine i(1).
7
Suppose q - 4*q + 5*n = -5, 4*q - 5*n = 5. Suppose d = 31 - 29. Let b(j) = j - j**d + 8*j**2 + j**2 + 13 - 7*j**2. Calculate b(q).
13
Let s(l) = -2*l**3 - 6*l + 5*l - 7 + 13*l**2 + l**3 + 2*l**3 + 13*l. What is s(-12)?
-7
Let p(d) be the second derivative of d**4/12 + d**3/2 + d**2/2 + 2*d - 4. Calculate p(-1).
-1
Let w(t) = -5*t**3 + 3*t**2 - 10*t + 3. Let p(b) = -4*b**3 + 3*b**2 - 9*b + 2. Let s(l) = 6*p(l) - 5*w(l). What is s(-3)?
9
Suppose -k - 4 = 3. Let f(v) = -10*v**2 - 4*v - 6. Let m(x) = 27*x**2 + 12*x + 16. Let z(q) = 8*f(q) + 3*m(q). Calculate z(k).
21
Let u be (-711)/(-27) - 8/6. Suppose 5*z - u = 5*j, 2 = 4*j - z + 22. Let f(n) = -n**2 - 3*n + 3. What is f(j)?
-7
Let v(f) = f**3 + 15*f**2 - 20*f - 69. Let m be v(-16). Let c(s) = s**3 + 5*s**2 - 2*s - 4. Calculate c(m).
6
Let o(k) = 7. Let b(v) = -5*v + 9*v + 0*v - 3*v. Let r(s) = 5*b(s) + o(s). Determine r(-5).
-18
Let w(r) = 2 + 13*r**2 - 24*r**2 + 9*r**2 + 4 + 3*r - 3. Determine w(-3).
-24
Let n(k) = k - 38. Let i be 7 + (-31)/(279/(-216)). Determine n(i).
-7
Suppose -j = 8 - 1. Let i(g) = 2*g + 7. Let m(d) = -3*d - 8. Let c(h) = j*i(h) - 6*m(h). Let q = -13 - -14. Determine c(q).
3
Let i(n) = -5*n**2 + 10*n**2 - n**3 - 1 - 2*n**2. Determine i(2).
3
Let z(n) be the second derivative of -n**6/120 + 2*n**5/15 - n**4/4 + n**3/6 - 17*n**2/2 + 7*n. Let p(f) be the first derivative of z(f). Give p(7).
8
Let b(c) = -11*c + 14. Let g(u) = 2*u - 2. Let r(h) = -b(h) - 5*g(h). Suppose -15 = -4*p + k, -4*k + 3 = -p - 6*k. Determine r(p).
-1
Suppose 7*y - 24 = y. Suppose 0*m = y*m - 32. Let n(s) = -s**2 + 8*s + 10. What is n(m)?
10
Let k(r) be the third derivative of r**4/24 - 2*r**3/3 + 3*r**2 + 10. Suppose 1 = -j + 6. Give k(j).
1
Let w(x) = -x**3 + 3*x**2 + 0*x**3 + 3*x + 0*x**3. Suppose 7*t + 0*t = 35. Suppose t*p = -p - 12. What is w(p)?
14
Let v be (0/(-4))/((-4)/1). Let s(d) be the second derivative of -6*d - 7/6*d**3 + 1/12*d**4 + 2*d**2 + v. What is s(6)?
-2
Let h(n) = -n**2 + 7 - n**2 + 3*n**2 - 7*n. Let z(j) = -j**3 + 6*j**2 - 2*j - 11. Let v(u) = u**2 + u - 1. Let o(i) = 4*v(i) + z(i). Let y be o(10). Give h(y).
-3
Let v(r) = 108 - 54 - 51 + 3*r. Let d(s) = 5*s + 7. Let w(i) = -2*d(i) + 5*v(i). Give w(1).
6
Let d = -746 + 750. Let o(s) be the third derivative of s**5/60 - 5*s**4/24 + s**3/3 - s**2. Determine o(d).
-2
Let t(a) = -a**3 - 4*a**2 + 13*a + 3. Let w(x) = -x**2 - 17*x + 78. Let p be w(4). Determine t(p).
-3
Let r(y) = 4*y + 2 - 7*y + 6 + 4*y. Give r(-5).
3
Suppose 0 = -5*x + 6*x - 9. Let w(a) = 5*a - 4 + 3 - 6 - 4*a. What is w(x)?
2
Suppose -o = 19 - 22. Suppose -12*s + 9 = -o. Let m(l) = 11*l**2 + 1. Calculate m(s).
12
Let y(v) = 2*v + 2. Let a(o) = 5*o + 18. Let n(f) = a(f) - 4*y(f). What is n(3)?
1
Let a(i) = -i**3 + 20*i**2 - 18*i - 14. Let t be (-8 - -1) + (9 - 113)/(-4). What is a(t)?
5
Let b(r) = 5*r**3 + 26*r**2 - 2*r - 30. Let w(l) = -12*l**3 - 54*l**2 + 5*l + 59. Let x(d) = 7*b(d) + 3*w(d). Give x(20).
-13
Let y(k) = -2 + 7*k + 2. Let z = 132 - 121. Suppose -z*p = -7 - 4. Determine y(p).
7
Let p(t) = t**3 - 10*t**2 + 2*t - 15. Let v be p(10). Suppose n + 4*a = -0*a - v, 3*a = -2*n. Suppose 2*b + n = b. Let z(s) = -2*s + 3. Calculate z(b).
9
Suppose -10 = -5*v - 5*z, -z - 2 = z. Let s be v + 3/(-3) + 0. Suppose 5*g + 2*x - 5 = -17, -g = -s*x + 12. Let l(w) = w**3 + 5*w**2 + 4*w. Calculate l(g).
0
Suppose 5*f - 12 = 5*v - 42, -3*v + f + 8 = 0. Let m be (2/(-6))/(v/(-12)). Suppose 0 = 3*g - 2*n - 5, -2*g - 3*g + 1 = m*n. Let z(s) = s**2 - 1. What is z(g)?
0
Let j(f) = -3*f**3 - 3*f**2 + f + 8. Let b(o) = o**3 - 2*o**2 - 2. Let q(y) = 2*b(y) + j(y). Suppose 0 = -3*i - 14 - 7. What is q(i)?
-3
Suppose 41 = 14*y + 69. Let b(d) = 5*d**2 - 3*d - 2. Calculate b(y).
24
Let m(q) be the second derivative of q**3/2 - 4*q**2 + q - 36. Give m(7).
13
Let j(y) = 3577 + 3*y**2 - 4*y**2 - 3576 - 3*y. Give j(-3).
1
Suppose -15*d = -187 + 67. Let x(q) = q**2 - 6*q + 6. Calculate x(d).
22
Let r(d) = -d + 1. Let b(p) be the third derivative of -7*p**4/12 + 4*p**3/3 - p**2 - 4*p. Let u(z) = b(z) - 10*r(z). Give u(-5).
18
Suppose -5*i + 39 = -4*u, -2*i - 3*u + 0 = -11. Let y(a) = -a**2 + 6*a + 7. Determine y(i).
0
Let z be 0 + (-2 + 11)/3. Suppose -n - z*n = 0. Let a be n - 3 - (-33)/11. Let i(f) = f**2 + 2. Give i(a).
2
Let d(h) be the third derivative of -h**4/6 + h**3/6 - h**2. Suppose 0*o = -o + 2. Suppose 0 = -2*g - o*w, 4*w - 1 = -3*g - 0*g. Calculate d(g).
5
Let y(u) be the third derivative of u**6/60 - u**5/30 - u**4/24 - 7*u**3/6 - 11*u**2 + u. Calculate y(0).
-7
Let l(s) = -s**3 - 9*s**2 + 10*s - 5. Let v be (-462)/48 + (-12)/32. What is l(v)?
-5
Let v(h) = -h**2 + h. Let i(a) = -6*a**2 + 3*a - 4. Let y(o) = -i(o) + 5*v(o). Determine y(-5).
19
Let x(d) be the first derivative of 1/3*d**3 - 21 - d**2 + 4*d. Calculate x(5).
19
Suppose -5*k + 7*k - 10 = 0. Let c(h) = 12 - 19 + 8 + k - h. Determine c(7).
-1
Let s be 8 - -5*20/(-25). Suppose 9 = s*z - 7. Let k(j) = -j**3 + 5*j**2 - 6*j + 3. What is k(z)?
-5
Let v(x) = 2*x**3 - 4*x**2 - 4*x - 2. Let z(g) = 3*g**3 - 3*g**2 - 3*g - 1. Let w(n) = 4*v(n) - 3*z(n). What is w(-6)?
1
Let s(a) = 2*a + 3. Suppose 125 = -17*n + 22*n. Suppose -n = 4*i + 3*m, 3*i - 5*i - 3*m - 17 = 0. Determine s(i).
-5
Let m be 10/4 - 1/2. Let y b